ate f(-6).
119
Let z(m) = 22*m + 870. Determine z(-42).
-54
Let g(t) = 18*t**3 - 3*t**2 - 6. Determine g(2).
126
Let b(q) = -4*q**2 - 27*q - 179. Determine b(-7).
-186
Let d(b) = -98*b + 560. Calculate d(7).
-126
Let y(q) = 43*q + 188. Calculate y(-6).
-70
Let k(u) = 1479*u**2 + 8867*u - 28. What is k(-6)?
14
Let s(j) = j**3 + 8*j**2 + 6*j - 22. Give s(-6).
14
Let u(d) = -368*d - 4056. Calculate u(-11).
-8
Let n(h) = -h**2 - 36*h - 185. Calculate n(-28).
39
Let x(f) = 335*f**3 + 4*f**2 - f + 2. Give x(1).
340
Let f(v) = -v**3 + 18*v**2 - 45*v + 7. Give f(15).
7
Let x(g) = -1170*g - 5. What is x(0)?
-5
Let w(m) = -m**3 - 14*m**2 + 35*m + 56. Give w(-16).
8
Let j(i) = 3*i**2 - 93*i + 73. What is j(30)?
-17
Let d(n) = 16*n**3 - 865*n**2 + 56*n - 111. Give d(54).
-3
Let f(v) = v**2 - 43*v + 112. What is f(37)?
-110
Let c(d) = -46*d - 415. Give c(-31).
1011
Let o(z) = -9*z - 96. Give o(-10).
-6
Let r(i) = 204*i - 3264. Calculate r(16).
0
Let u(o) = 8*o**2 - 96*o - 83. Determine u(13).
21
Let u(k) = -k**3 + 9*k**2 + 54*k - 474. Determine u(8).
22
Let k(b) = b**3 + 16*b**2 + b - 413. Determine k(-14).
-35
Let l(r) = -2*r**2 + 37*r - 58. Determine l(16).
22
Let q(y) = y**3 + 22*y**2 + 50*y - 139. Calculate q(-19).
-6
Let w(l) = 2656*l + 74354. Give w(-28).
-14
Let f(d) = -14*d + 764. Calculate f(49).
78
Let s(z) = z**2 - 222*z + 5923. Give s(31).
2
Let i(l) = 91*l - 294. Give i(0).
-294
Let g(k) = -k**2 + 3*k + 43. Give g(7).
15
Let j(s) = 3*s**2 - 89*s - 22. What is j(29)?
-80
Let h(t) = -t**3 - 44*t**2 - 125*t - 238. Calculate h(-41).
-156
Let b(k) = 94*k**2 + 16637*k - 148. Give b(-177).
29
Let c(x) = -24*x**2 + 74*x - 26. Determine c(3).
-20
Let i(d) = -10*d + 735. What is i(75)?
-15
Let g(k) = 37*k**2 - 119*k - 12. Give g(4).
104
Let x(o) = 1168*o - 98106. Calculate x(84).
6
Let i(t) = -t**3 + 74*t**2 - 5326. Give i(73).
3
Let v(b) = -1952*b + 11714. Determine v(6).
2
Let b(g) = -g**2 - 6*g + 92. Give b(-14).
-20
Let p(b) = 2*b**3 - 10*b**2 + 9*b + 6. What is p(6)?
132
Let w(i) = -2*i**3 - 24*i**2 + 23*i + 49. Give w(-13).
88
Let z(d) = 232*d - 802. Give z(3).
-106
Let j(m) = 363*m - 1081. Determine j(3).
8
Let v(o) = 847*o + 287976. Calculate v(-340).
-4
Let s(q) = 36*q - 551. Give s(0).
-551
Let o(h) = 36*h - 777. What is o(19)?
-93
Let i(u) = 33*u**2 + 918*u - 172. Calculate i(-28).
-4
Let i(p) = -p**3 - 8*p**2 - 53*p - 722. What is i(-10)?
8
Let i(t) = 420*t + 49562. What is i(-118)?
2
Let h(r) = -1524*r + 44194. Give h(29).
-2
Let o(t) = -2*t**3 + 4*t**2 + 19*t + 12. Give o(-2).
6
Let d(j) = -j**2 - 525*j - 56259. Calculate d(-150).
-9
Let d(m) = 6*m**2 - 11*m - 3. Determine d(2).
-1
Let h(m) = -m**3 + 21*m**2 + 161*m - 13. Calculate h(-6).
-7
Let l(z) = 59*z - 273. Determine l(4).
-37
Let x(v) = 1872*v + 31819. Determine x(-17).
-5
Let b(p) = p**2 - 487*p + 15853. What is b(35)?
33
Let c(z) = -11*z**2 + 66*z - 42. Give c(9).
-339
Let m(d) = -63*d + 1447. Give m(23).
-2
Let v(i) = 7*i**3 + 493*i**2 - 281*i + 222. Give v(-71).
9
Let t(p) = -5*p**3 - 7*p**2 - 5*p + 4. Give t(-2).
26
Let g(q) = -32*q - 248. Calculate g(-6).
-56
Let r(u) = -2802*u - 16817. What is r(-6)?
-5
Let k(q) = 15*q**2 - 206*q - 44. Calculate k(14).
12
Let w(j) = 18*j + 874. What is w(-49)?
-8
Let y(c) = -c**3 - 2*c**2 - 10*c - 6. Determine y(0).
-6
Let j(b) = 12161*b + 194575. Give j(-16).
-1
Let i(m) = -360*m - 10079. Give i(-28).
1
Let i(g) = -g**3 + 6*g**2 + 12*g - 24. Give i(7).
11
Let t(k) = k**3 + 44*k**2 + 229*k - 1112. What is t(-37)?
-2
Let s(h) = -1309*h + 6486. Determine s(5).
-59
Let i(m) = -7*m**2 + 112*m - 117. What is i(15)?
-12
Let n(v) = -462*v + 24023. Calculate n(52).
-1
Let d(s) = -3*s**2 + 97*s - 19. Calculate d(31).
105
Let v(u) = -u - 38. Determine v(-7).
-31
Let o(y) = y**2 + 56*y - 476. Calculate o(-63).
-35
Let i(b) = 167*b - 804. What is i(5)?
31
Let y(z) = 6*z**2 - 265*z - 226. Determine y(45).
-1
Let a(x) = x**2 + 69*x - 58. Determine a(-69).
-58
Let g(a) = a**2 - 42*a - 566. Determine g(-11).
17
Let d(l) = l**3 + 3*l**2 - 39*l + 60. What is d(-9)?
-75
Let o(w) = -2*w**3 - 26*w**2 - 18*w + 68. Calculate o(-12).
-4
Let o(h) = 482*h - 47723. Determine o(99).
-5
Let d(c) = -471*c - 1554. Calculate d(-4).
330
Let z(b) = 59*b + 336. What is z(-10)?
-254
Let g(c) = -2*c**3 + 24*c**2 - 66*c + 14. Give g(8).
-2
Let n(p) = 2*p**3 + 8*p**2 - 47*p - 188. What is n(-4)?
0
Let q(b) = 121*b - 489. Calculate q(4).
-5
Let z(s) = -363*s - 382. What is z(-1)?
-19
Let k(b) = 34*b - 2663. Calculate k(78).
-11
Let m(v) = 2*v**3 + v**2 - 326*v - 13. Calculate m(-13).
0
Let n(z) = 2*z**2 - 89*z - 838. Determine n(56).
450
Let p(a) = a**2 + 76*a + 1169. Determine p(-22).
-19
Let x(n) = n**3 + 23*n**2 - 89*n - 31. Determine x(-26).
255
Let x(y) = y**3 - 19*y**2 + 112*y - 25. What is x(11)?
239
Let u(l) = l**2 - 77*l + 318. What is u(0)?
318
Let l(s) = 3*s**2 + 19*s - 30. What is l(-9)?
42
Let t(x) = 1489*x + 4448. Give t(-3).
-19
Let h(r) = 10*r + 77. What is h(-19)?
-113
Let b(z) = 428*z - 968. Determine b(2).
-112
Let m(c) = c**3 + 14*c**2 - 6*c - 350. Calculate m(-12).
10
Let r(a) = -a**3 - 4*a + 43. Give r(0).
43
Let v(k) = -k**3 + 17*k**2 + 19*k - 16. Calculate v(18).
2
Let o(f) = 67*f + 8438. Determine o(-126).
-4
Let u(s) = 14*s - 383. What is u(27)?
-5
Let m(f) = -3*f**3 - 88*f**2 - 761*f - 21228. Calculate m(-29).
0
Let p(d) = 33*d**2 + 189*d - 52. Give p(-6).
2
Let o(z) = -3*z**3 - 6*z**2 - 11*z - 3. Give o(-2).
19
Let i(x) = x**3 - 13*x**2 - 1525*x + 18446. Determine i(12).
2
Let t(m) = -12321*m + 49276. Give t(4).
-8
Let v(h) = h**2 - 177*h + 1068. What is v(171)?
42
Let i(h) = -83*h - 37. Determine i(-2).
129
Let u(w) = -313*w - 1727. Determine u(-5).
-162
Let h(z) = -z**2 + 91*z - 1062. Calculate h(13).
-48
Let l(h) = 3*h**3 + 3*h**2 + 4*h - 18. Calculate l(3).
102
Let u(g) = 2*g**3 - 14*g**2 - 5*g + 11. What is u(6)?
-91
Let l(z) = -2*z**3 + 33*z**2 + 12*z + 119. Calculate l(17).
34
Let f(s) = 251*s - 1913. What is f(8)?
95
Let k(j) = -j**2 - 4*j - 34. Give k(-10).
-94
Let t(g) = -g**3 - 9*g**2 - 20*g + 13. Determine t(-4).
13
Let b(i) = i**3 - 25*i**2 + 143*i - 109. What is b(19)?
442
Let s(w) = 3*w**2 - w - 1048. Give s(19).
16
Let z(p) = 472*p - 957. What is z(2)?
-13
Let m(i) = -64*i - 20. What is m(-3)?
172
Let v(n) = -2*n**2 + 466*n + 30. Calculate v(0).
30
Let l(y) = -2*y**3 + 3*y**2 - 19*y. Determine l(0).
0
Let s(i) = 573*i + 4588. What is s(-8)?
4
Let r(c) = -75*c - 501. Give r(-11).
324
Let t(j) = 16*j + 305. What is t(-20)?
-15
Let y(q) = -135*q - 1034. Determine y(-8).
46
Let l(t) = 39977*t + 319810. What is l(-8)?
-6
Let r(x) = -x**2 + 18*x - 29. Give r(16).
3
Let s(h) = h**3 + 16*h**2 + 3*h - 154. What is s(-11)?
418
Let i(h) = -64*h - 57. Determine i(3).
-249
Let s(f) = -421*f + 2180. Determine s(5).
75
Let h(i) = i**2 + 78*i - 243. Determine h(3).
0
Let a(i) = -29*i**2 + 446*i + 793. Give a(17).
-6
Let o(x) = 107*x - 1705. What is o(16)?
7
Let o(p) = -80*p - 1659. Determine o(-21).
21
Let x(i) = i**2 + 23*i + 34. Give x(-7).
-78
Let v(b) = -390*b - 27. What is v(-1)?
363
Let r(a) = -a**3 + 124*a**2 - 35*a + 4378. Determine r(124).
38
Let f(j) = -125*j**2 - 2372*j - 68. What is f(-19)?
-125
Let d(y) = 64*y - 901. Give d(13).
-69
Let p(w) = -2*w**3 - 18*w**2 - 2*w + 16. Determine p(-10).
236
Let q(u) = 296*u + 1137. What is q(-3)?
249
Let d(z) = 7*z - 101. Give d(7).
-52
Let b(k) = -1154*k + 1120. Determine b(1).
-34
Let j(a) = -2*a**3 - 132*a**2 - 252*a + 262. Calculate j(-64).
6
Let l(i) = -4*i**3 + 6*i**2 - 12*i + 8. Calculate l(3).
-82
Let p(j) = 18*j + 55. Calculate p(-8).
-89
Let n(x) = -17*x**2 - 163*x + 65. Calculate n(-10).
-5
Let n(k) = -k**2 + 24*k + 1371. What is n(-27)?
-6
Let k(j) = 4*j - 123. Calculate k(24).
-27
Let r(p) = -p**3 - 71*p**2 - 1269*p - 307. Give r(-35).
8
Let i(c) = -19*c**2 - 12*c - 31. Give i(-2).
-83
Let a(f) = -14*f + 1208. What is a(64)?
312
Let y(x) = -24*x**2 + 80*x - 78. What is y(1)?
-22
Let k(d) = 58*d**2 - 181*d + 2. Give k(4).
206
Let h(u) = u**3 - 8*u**2 - 3*u + 62. What is h(5)?
-28
Let p(a) = a**3 - 60*a**2 - 60*a - 209. Calculate p(61).
-148
Let b(a) = -a**2 - 25*a + 128. What is b(5)?
-22
Let i(l) = -l**3 - 15*l**2 + 18*l + 41. What is i(-16)?
9
Let u(c) = -c**3 - c**2 - 15*c - 7. Calcu